6)/(-2) + 1 + w is divided by 6.
5
Let m(t) = -61*t. Let h be (8 + -2)*1/(-2). Let n be m(h). Suppose 5*b - 2*z - n + 68 = 0, -2*z + 23 = b. Calculate the remainder when b is divided by 8.
7
Suppose -47 = -15*h + 553. What is the remainder when 157 is divided by h?
37
Let p = -3 - -6. Suppose 4*o - r - 13 = 0, 10 = o - r + p*r. What is the remainder when o is divided by 2?
0
What is the remainder when 58*1 - (-4 - -2) is divided by 16?
12
Let i = 29 - -28. Calculate the remainder when i is divided by 15.
12
Let v(j) = -2*j**2 - j + 3*j**2 + 2 - 3. Let i be -5*3/(30/(-8)). Calculate the remainder when 31 is divided by v(i).
9
What is the remainder when 23 + (0 - 12/(-4)) is divided by 15?
11
Suppose 47 = -3*w + 56. Calculate the remainder when 3 is divided by w.
0
Let s(z) = -z**3 - 3*z**2 - z - 3. Let r be s(-3). Let q = 5 + r. Let x(y) = 8*y - 6. Calculate the remainder when x(q) is divided by 12.
10
Suppose 0 = -2*u + 22 + 6. Suppose j - u = 90. Suppose -2*x + j = 2*x. What is the remainder when x is divided by 14?
12
Let g = 194 + -178. What is the remainder when 239 is divided by g?
15
Suppose 0 = 4*l + l + 5*v - 45, 5*l - 4*v = 9. What is the remainder when 19 is divided by l?
4
Let b = -11 - -16. Calculate the remainder when 21 is divided by b.
1
Let f = -77 + 102. Calculate the remainder when f is divided by 9.
7
Let m be ((-2)/5)/((-4)/20). Suppose -2*y = -m, 2*i + 3*y - 31 = -0*i. Let r = -2 + 7. Calculate the remainder when i is divided by r.
4
Let b(u) = u**2 + u + 19. Suppose 3*m + 14 = -25. Let x = 23 + m. What is the remainder when b(0) is divided by x?
9
Suppose -4 = 4*u, 4*a - 5*u - 24 = 3*a. What is the remainder when (3 - 1)*-3*-6 is divided by a?
17
Let v(s) = s**3 - 11*s**2 + 14*s - 21. Suppose 78 = 4*z - 146. Calculate the remainder when z is divided by v(10).
18
Let i(w) be the first derivative of -w**4/4 - w**3 + w**2 + 5*w - 2. Let g be i(-4). Let y = g - -12. Calculate the remainder when y is divided by 9.
7
Suppose -6*l + 76 = -2*l. Suppose 2*u + 4*y - l = -y, 4*u = -y + 65. Calculate the remainder when u is divided by 6.
5
Let j be (-2 - -5)/(-3) - 3. Let m be (-2*6/j)/1. Suppose -z + 4*s - 3*s = -42, 134 = m*z + s. What is the remainder when z is divided by 15?
14
Let l(r) = -r + 11. What is the remainder when l(-13) is divided by 5?
4
Let j = 132 + -73. What is the remainder when j is divided by 15?
14
Let i = 42 + 21. Calculate the remainder when i is divided by 22.
19
Suppose -3*u = g - 0*u, 2*g + 4*u = 0. Suppose 0 = -3*n - g*n + 9. Suppose -3*z - 3 + 21 = 0. Calculate the remainder when z is divided by n.
0
Let l = -27 - -58. What is the remainder when 154 is divided by l?
30
Let t be (-364)/(-10) - 4/10. What is the remainder when 5/(-4*(-1)/t) is divided by 24?
21
Suppose -5*z + 2*z + 123 = 0. What is the remainder when z is divided by 21?
20
Let s(u) = u**2 + u - 4. Let t be s(4). Suppose 5*v - 2*p = t, -2*p + 12 = 2*v - 0*p. What is the remainder when v is divided by 2?
0
Let n = 43 - 28. Let g = n + -13. What is the remainder when g is divided by 1?
0
Suppose -10 - 2 = -n - 4*y, -14 = -4*n + y. Suppose -2*d + 3*d = 3. Let h = d - 1. What is the remainder when n is divided by h?
0
Suppose -5*q = -73 + 18. Let s(k) = -k**2 - 6*k + 19. Calculate the remainder when q is divided by s(-8).
2
Let z(w) = 2*w**2 - w + 2. Let u = -76 - -109. What is the remainder when u is divided by z(-2)?
9
Suppose 0 = 2*s + 6 + 2. Let g = 9 - s. Let o = -82 - -120. Calculate the remainder when o is divided by g.
12
Suppose 85 = 5*j + 5*h, j + 4*j - 76 = 4*h. What is the remainder when 29 is divided by j?
13
Suppose 0 = 4*g - 5 - 15. Suppose -5*a - g*k + 3*k + 17 = 0, 5*a = k + 14. Let s = -5 + 8. What is the remainder when a is divided by s?
0
Let r = 148 - 111. Calculate the remainder when 220 is divided by r.
35
Suppose -3*s - s + 432 = 4*g, 3*g - 352 = 4*s. What is the remainder when g is divided by 23?
20
Let i = 53 - 52. Let z(d) = d**2 - d. Let f(j) = 16*j**2 - 4*j + 1. Let a(k) = f(k) - 3*z(k). What is the remainder when a(i) is divided by 7?
6
Let n(a) = 1 - a**2 - 3 - 2 + 5*a + 5. Let u be ((-12)/10)/(4/(-10)). What is the remainder when 19 is divided by n(u)?
5
Let u = 25 - 21. Suppose -z = 2*z - 39. Calculate the remainder when z is divided by u.
1
Suppose 5*u - 19 - 6 = 0. Suppose 2 = -u*s - 5*w - 3, 3*w + 9 = 0. Suppose -20 = -2*g - 2*t, g - t = -s*g + 46. What is the remainder when g is divided by 8?
6
Let v(y) = 2*y - 8. Let q be v(6). Suppose -2*g + 82 = 4*h, 2*g + 54 = 3*h - q. Calculate the remainder when h is divided by 11.
9
Suppose -4*u + 31 = -n, 10*n - 6*n - 29 = -u. What is the remainder when 35 is divided by u?
8
Suppose 2*k = 4*k - 40. Let u(h) = -h**2 + 11*h - 11. Calculate the remainder when k is divided by u(9).
6
Let b(f) = f**2 - f - 4. Suppose 8*i - 3*i = 0. Suppose i = s - 5*u + 8, -1 + 3 = u. What is the remainder when b(3) is divided by s?
0
Let p = 7 - -89. Suppose 5*b = 4*n + 115, -3*b - p = -6*b - 3*n. Calculate the remainder when b is divided by 14.
13
Suppose 4*q - 12 = q. Let p(j) = -2*j - 5. Let y be p(-5). Suppose -60 = -y*v + v. Calculate the remainder when v is divided by q.
3
Let x = -9 + 26. Suppose 2*h = -3*z + 8, -3*z + 2*h - 6*h = 2. What is the remainder when x is divided by z?
5
Let h(i) = -i**3 - i**2 + i + 140. What is the remainder when h(0) is divided by 13?
10
Let k be 1*2*4/4. Let m be k/(9/4 - 2). Calculate the remainder when (m + -2)/(2/1) is divided by 1.
0
Suppose -7*m + 4*m = -30. Suppose -195 = -5*d - 0*d. What is the remainder when d is divided by m?
9
Suppose -5*h + 34 = 4. Let w(o) = -o**3 + o + 9. Let x be w(0). Let g = x + h. Calculate the remainder when 44 is divided by g.
14
Let p be ((-147)/(-9))/((-3)/9). Let v = -34 - p. Calculate the remainder when 29 is divided by v.
14
Let w(d) = -d**3 - 9*d**2 - 9*d + 2. Calculate the remainder when w(-9) is divided by 21.
20
Let o(n) = -n**2 - 6*n - 3. Let z be o(-5). Suppose 24 = 5*p + 4*l, 56 = -z*p + 7*p - 4*l. Calculate the remainder when 23 is divided by p.
7
Suppose 5*y - 8 = -3. Let k = 2 + -1. Calculate the remainder when y is divided by k.
0
Let p = -21 - -40. What is the remainder when 35 is divided by p?
16
What is the remainder when 33 is divided by (207/15 + -5)*(-10)/(-4)?
11
Calculate the remainder when 81 is divided by (-42)/((2/(-4))/(4/16)).
18
Let s(r) = -r**2 + 10*r - 14. Calculate the remainder when s(7) is divided by 2.
1
Let z = 36 + 9. What is the remainder when z is divided by 23?
22
Let p(y) be the third derivative of y**5/60 - y**4/24 + 3*y**2. Calculate the remainder when 17 is divided by p(3).
5
Let i(y) = y**3 - 3*y**2 - 14*y + 31. Calculate the remainder when i(6) is divided by 20.
15
Let l = 9 - 5. Suppose -202 = -l*k + 2*y - 32, -3*k = 2*y - 131. What is the remainder when k is divided by 11?
10
Let f(w) be the third derivative of w**5/60 + w**4/12 + 11*w**3/6 + w**2. Calculate the remainder when f(-7) is divided by 16.
14
Let i = 1 - -2. What is the remainder when i is divided by 3?
0
Let d(g) = 19*g**3 + 3*g**2 - 2. Suppose -i + 2 + 2 = 0. Suppose 31 = -i*a + 187. Calculate the remainder when a is divided by d(1).
19
Let l(h) = -h**2 + 9*h + 12. Let v be l(10). Suppose v*z = 2*i - 48, -3*i + 3*z + 32 = -2*i. What is the remainder when 79 is divided by i?
19
Let g(z) = z**2 + 1. Calculate the remainder when g(0) is divided by 1.
0
Let u = 13 + -3. Calculate the remainder when 28 is divided by u.
8
Let i = -144 + 262. Calculate the remainder when i is divided by 17.
16
Calculate the remainder when 8 is divided by 42/(-49)*-1*7.
2
Let z(f) = 3*f**2 + f. Calculate the remainder when (14/((-1)/(5/10)))/(-1) is divided by z(-1).
1
Let s be 3 + -4 - 1*2. Let o be -3 - ((1 - -1) + s). Let z(u) = 4*u**2 - 1. Calculate the remainder when z(o) is divided by 9.
6
Suppose 3*v + 187 = 5*f, 148 = 7*f - 3*f - 2*v. Calculate the remainder when f is divided by 8.
3
Suppose -22 = -3*v + 3*n + 20, v + 5*n = -10. Suppose 2*q + 2*c = 22, -q - 4*c + 0*c = -23. What is the remainder when 4*(-1)/((-2)/v) is divided by q?
6
Let p be 1*(0 + -3) - -31. Suppose -2*a + 23 = -q, -4*q + 0 = 4*a - p. Calculate the remainder when 19 is divided by a.
9
Suppose -3*l = -4*s - 185, l = -0*s + 3*s + 65. Suppose 0*j + 